*h(x) - 6*o(x). Give k(r).
5
Suppose -3*c = 2*c - 35. Let g be 1/1 - c - -1. Let l(v) = v**2 + 7*v + 5. What is l(g)?
-5
Let i(s) = -s + 1. Let x(r) = r**2 + 5*r - 9. Let w be x(-7). Calculate i(w).
-4
Let f(c) = 10*c**3 - 25*c**2 - 14*c + 7. Let k(q) = -7*q**3 + 17*q**2 + 9*q - 5. Let w(g) = -5*f(g) - 7*k(g). Let r be w(7). Let m(x) = x**2 + x - 4. Give m(r).
-4
Let m(s) = 61*s - 3 - 60*s + 3 - s**2. Suppose o - 30 = -4*r - 8, 2 = o. Suppose 0 = -5*i + 4*j - 16, 0 = r*j - 14 - 6. What is m(i)?
0
Let o(s) = s**2 + 8*s - 5. Let m = -4 - -8. Suppose -n = 1, m*i + 5*n + 29 = i. Let z be o(i). Let l(p) = p**2 + 4*p. What is l(z)?
5
Let p(i) be the third derivative of i**4/24 - 2*i**3/3 - 7*i**2. What is p(-3)?
-7
Suppose 4 = 4*k - 4*t, 0 = -4*k + 2*t - 2 + 8. Let o(q) be the third derivative of 0*q - 2*q**k + 1/24*q**4 - 1/6*q**3 + 0. Calculate o(3).
2
Let b(g) be the second derivative of g**3/6 + 13*g. What is b(5)?
5
Let v(c) = 2*c - 220 + 216 + c**2 - 4*c**2 - c**3. Determine v(-4).
4
Let q(s) = -s**2 - 7*s - 6. Let r be q(-5). Let k(v) = v**3 - 8*v**2 + 7. Let c be k(8). Let a(z) = c*z**2 - 4*z**2 - 2*z**2 + 0*z - 3*z - 5. What is a(r)?
-1
Let a(b) be the second derivative of -b**4/12 + b**3/6 + b**2/2 - 8*b. What is a(-3)?
-11
Let n(l) = -l**2 + 8*l - 9. Let p be n(7). Let g(m) = -92 - 94 + 184 + 6*m. Calculate g(p).
-14
Let a(z) = -3*z**2 - 2*z + 2. Let r(g) = -8*g**2 - 3*g + 5. Let i(q) = 5*a(q) - 2*r(q). Give i(3).
-3
Let d(h) = -5*h**3 + 5*h**3 - h**3. What is d(1)?
-1
Suppose 2*m + 3*m + 25 = -w, 3*w = -m - 5. Let n(z) = -z**3 - 6*z**2 - 5*z + 6. What is n(m)?
6
Suppose h + r - 3 = 0, 22 = -2*h + 3*r + 2*r. Let f(l) = 8*l**3 + l**2 + l + 1. What is f(h)?
-7
Let n(q) = 4*q + q**2 - 2 + 3*q - 5*q. Suppose 1 = 4*a + 13. What is n(a)?
1
Let q(l) = -l**3 + 0*l**2 + 0*l + l**2 - 2 - l. Suppose -3*p - 2*m = -4, 0 = 2*p + 3*p + 2*m - 4. What is q(p)?
-2
Let h(o) = 5*o**3 + o**2 + o - 6. Let l(p) = -14*p**3 - 3*p**2 - 2*p + 17. Let a(k) = 11*h(k) + 4*l(k). Suppose y = -4 - 2. Let b = -8 - y. Calculate a(b).
0
Let h = 4 - 7. Let q(o) = -o**3 - 3*o**2 - 2*o - 2. What is q(h)?
4
Let n(c) = -2 + 2 + 0 - c. Let f = 12 - 7. Suppose 4*k + 5*m - 2 - 1 = 0, 0 = f*k - 5*m + 30. What is n(k)?
3
Let j(s) = s**3 + s**2 - 12*s + 3. Let r(d) = d**2 - d. Let v(g) = j(g) - 6*r(g). What is v(6)?
3
Let a(d) = -d - 117 + 115 - 12*d. Give a(-2).
24
Suppose -2*k - 3*d - 17 = 0, -d + 1 = 3*k + 9. Let n(o) be the first derivative of -4*o**3 - 11. Calculate n(k).
-12
Let u(t) = t - 5. Let k(j) = j - 6. Let z(g) = 5*k(g) - 6*u(g). Suppose v - 42 = -2*v. Let h be 4/3 + v/21. Calculate z(h).
-2
Let y(n) = n**2 - 3*n. Let b = -4 + 7. Let f be y(b). Let u(w) be the second derivative of w**4/12 + w**3/6 - w**2 - w. Determine u(f).
-2
Let v(g) = 3*g**3 - 2*g - 2. Let c = -23 + 21. What is v(c)?
-22
Let q(o) = o**3 + 6*o**2 - o - 3. Let m be q(-6). Let i(w) = -3 - w**3 + 0*w**2 - m*w**2 + 0*w + w + 3*w. What is i(-4)?
-3
Suppose 0 = -5*r + 8 + 12. Let u(m) be the first derivative of m**2 - 6*m + 15. Calculate u(r).
2
Let y(t) = -t**2 + 11*t + 1. Let k be y(11). Let q(r) = 5*r**2 - r. What is q(k)?
4
Let z = -6 + 11. Let y(d) = -d + 3. Give y(z).
-2
Suppose 0 = -4*o - 2*o + 36. Suppose -2*w = o, x - 2*w + 14 = -3*x. Let r(j) = j**2 + 4*j + 2. Calculate r(x).
7
Let n(y) = 5*y**2 + 11*y + 13. Let t(g) = -9*g**2 - 21*g - 25. Let q(m) = 7*n(m) + 4*t(m). Let x be (3 - (-4 - -1))*-1. What is q(x)?
-3
Let o(i) = -3*i**2 - i + 2. Let g = -33 + 51. Suppose -4*h - 10 = 5*s, s - 4*h - g = 2*s. Determine o(s).
-12
Suppose -3*j + 14 = -n, -8 = n + j + 2*j. Let x = 6 + n. Let o(k) = 2*k + 1. What is o(x)?
-9
Let a(b) = 2*b. Let p(g) = g + 1. Let l(t) = a(t) - 6*p(t). What is l(-5)?
14
Let d(j) = -6*j**3 - 11*j**2 - 3. Let k(q) = -5*q**3 - 10*q**2 - 2. Let m(o) = 6*d(o) - 7*k(o). Calculate m(4).
-4
Let w = -3 + 6. Let t(l) = -l. Let v(u) be the third derivative of u**4/12 + 2*u**3/3 + u**2. Let p(z) = 5*t(z) + v(z). Calculate p(w).
-5
Let n(q) = q**2 - 2*q - 4. Let i be n(3). Let r(b) be the first derivative of b + 3. Let t(w) = -w - 10. Let v(h) = i*t(h) - 4*r(h). Calculate v(5).
11
Let q be (0/2)/(1 + 1). Suppose q = -2*h - 0*h - 12. Let b(y) = y + 7. Calculate b(h).
1
Suppose -t + x + 4 = 0, 0*x + 3*x = -5*t - 12. Let d(a) be the second derivative of 0*a**2 - 1/6*a**3 - 2*a + t. What is d(-1)?
1
Let j(s) = -14*s**2 + 24*s + 20. Let r(u) = -8*u - 5 - 2 + 0 + 5*u**2. Let p(a) = 4*j(a) + 11*r(a). Let z be p(8). Let w(v) = v**2 + 1. What is w(z)?
10
Let g(m) = m**2 + 5*m - 3. Suppose 0 = 8*r - 4*r + 20. Give g(r).
-3
Let f(q) = -3*q**2 + q - 5. Let m(g) = 7*g**2 - 2*g + 11. Let y(s) = -5*f(s) - 2*m(s). Calculate y(0).
3
Let q = 5 - 3. Suppose 2*b + 3*h - q = 7, 6 = 2*h. Let d(k) = k**2 - 3 + 4*k**2 + b - 4*k**2. What is d(3)?
6
Let w be (12/4)/(3/4). Let c(m) = -4*m**3 - 3*m**2 - 8*m - 1. Let z(j) = 3*j**3 + 2*j**2 + 7*j + 1. Let a(s) = w*c(s) + 5*z(s). What is a(-3)?
1
Suppose -4*h = -5*h + 5. Let m(v) = v**2 - v + 2. Calculate m(h).
22
Let v(b) = 5*b**3 - 19*b**2 + 9*b + 12. Let d(h) = -2*h**3 - 6 - h + 9*h**2 - 3*h + 3*h**3 - 3*h**3. Let j(f) = -7*d(f) - 3*v(f). Give j(-6).
0
Let i = 10 + -14. Let z(a) = a**3 + 4*a**2 + 3*a + 6. Calculate z(i).
-6
Let u(z) = -z**2 + 4*z + 2. Suppose 2*n + 42 = 48. What is u(n)?
5
Let d(z) = -14*z + 2 - 5 + 12*z - 3. Let j = -1 - 5. Give d(j).
6
Let q(y) = -24*y**2 - 31*y**2 + 10*y + 54*y**2 - 10. What is q(8)?
6
Let w(x) = 3*x**3 - 2*x**2 + 6*x - 1. Let l(q) = -4*q**3 + q**2 - 7*q + 2. Let r(k) = 4*l(k) + 5*w(k). Give r(-6).
-9
Let w(x) = 4 + 4 - 4 - x. Suppose 2 = 4*z + 14. What is w(z)?
7
Let t(n) = 8*n**3 + 9*n**2 - 23*n + 9. Let f(o) = 3*o**3 + 3*o**2 - 8*o + 3. Let a(h) = 11*f(h) - 4*t(h). What is a(3)?
9
Let n(f) = 11*f**2 - 11*f - 6. Let v(o) = 0*o - 4*o**2 + 6 + 3 - 7 + 4*o. Suppose -5*z + 36 = -4. Let u(i) = z*v(i) + 3*n(i). What is u(-2)?
4
Suppose -8*l = -3*l - 50. Suppose d = -5*q - l - 13, -18 = -4*d + 2*q. Let o(n) = 7 - 2*n + n**2 + 1 - d - 2. What is o(3)?
7
Let c(u) = -4 + 8 + u**2 - 3*u + 1 - 4. Give c(3).
1
Let z(x) = 5*x - 3*x**2 + 4*x**2 + 2*x + 3. Give z(-4).
-9
Let j(t) = 3*t - t**2 - 4*t + 3*t**3 - 4 - 5*t**3 + 3*t**3. Calculate j(0).
-4
Let i(q) = -10*q - 7. Let v(j) = 3*j + 2. Let l be (12/(-14))/((-1)/7). Let u(p) = l*i(p) + 21*v(p). Determine u(2).
6
Let g = -4 - -7. Suppose -6*v = -5*v - g. Let w(b) = 4 + 0 + b**3 - 3*b**2 + 5*b + 0*b**v - 2*b**3. Give w(-4).
0
Suppose 5*j = 3*l - 14, 2*l = -0*j + 3*j + 9. Suppose l*a = 5*a - 12. Let k(b) = b**2 - 6*b - 1. Determine k(a).
-1
Let c(t) be the third derivative of t**6/120 - t**5/60 + t**4/24 - 17*t**3/6 + 10*t**2. What is c(0)?
-17
Suppose -5*v + 21 = -2*z, -5*z + z + 13 = v. Let w(f) = 2*f**3 - f**2 - 2*f. Determine w(z).
8
Let v(r) be the first derivative of -r**2/2 + r + 10. What is v(2)?
-1
Let k(m) = m**3 + 3*m**2 + m + 1. Suppose -3*v + 3 = 0, 3*h - 5 = -v + 2. Suppose 0 = -j - h - 1. Give k(j).
-2
Suppose -37 + 31 = -3*g. Let a(i) be the second derivative of -3*i + 0*i**g + 1/6*i**3 + 0. What is a(0)?
0
Let u = 43 + -45. Let t(h) = 2*h**2 + 2*h + 1. Calculate t(u).
5
Suppose 5*l + v - 25 = 0, 2*l - 5*v + 6 = 43. Let t(n) = n - 13. Calculate t(l).
-7
Let z(y) = -y**2 + 2*y. Let k be (-1 - -2)*(0 - -7). Suppose 13 + k = 5*i. Calculate z(i).
-8
Let h(z) be the first derivative of -1/3*z**3 - 6*z - 1/4*z**4 + 2 + 0*z**2. What is h(0)?
-6
Let g(b) = -b**2 - 2*b + 2. Let j be (-4)/6*81/18. What is g(j)?
-1
Suppose 0*m = 5*m - 50. Suppose -5*c = -0*c - m. Let i(d) = -3*d + 7*d - c*d. Calculate i(-1).
-2
Let w(r) = -4*r**2 + 10*r - 4. Let s(t) = -t**2 + t + 1. Let c(i) = 3*s(i) - w(i). Let h(z) = z**2 - 4*z. Let y be h(5). Calculate c(y).
-3
Let h be -2*3/(6/(-2)). Let o(z) = 4 + 0 - h*z - 5. Suppose -5*n + 28 - 3 = 0. Calculate o(n).
-11
Let i(x) be the second derivative of x**3/6 + x**2 - 5*x. Give i(3).
5
Let u = -13 + 7. Let a(w) = w**2 + 7*w + 7. Give a(u).
1
Let l(s) = 3*s**3 + s - 1. Let p = -20 - -18. Let j be (-3)/(-2) + p/4. What is l(j)?
3
Let d(m) = m - 4. Suppose 0*g = g + 17. Let n = -12 - g. Calculate d(n).
1
Suppose -5*q + 13 - 3 = 0. Let c(z) = -z**3 + z**2 + 2. What is c(q)?
-2
Let q(t) = t - 1. Let y(b) = -b**2 - 5*b - 5. Let u(s) = 4*q(s) + y(s). Let i(o) = 2*